{"id":164,"date":"2016-02-19T11:57:13","date_gmt":"2016-02-19T11:57:13","guid":{"rendered":"http:\/\/memoriaaine2015.ingenierosnavales.com\/?page_id=164"},"modified":"2016-02-19T11:57:13","modified_gmt":"2016-02-19T11:57:13","slug":"virgen-del-carmen","status":"publish","type":"page","link":"https:\/\/memoriaaine2015.ingenierosnavales.com\/?page_id=164","title":{"rendered":"Virgen del Carmen"},"content":{"rendered":"<p style=\"text-align: justify;\"><img loading=\"lazy\" decoding=\"async\" class=\"size-medium wp-image-190 alignleft\" src=\"https:\/\/memoriaaine2015a.ingenierosnavales.com\/wp-content\/uploads\/2016\/02\/Virgen_Carmen_2015_Escuela-300x214.jpg\" alt=\"Virgen_Carmen_2015_Escuela\" width=\"300\" height=\"214\" srcset=\"https:\/\/memoriaaine2015.ingenierosnavales.com\/wp-content\/uploads\/2016\/02\/Virgen_Carmen_2015_Escuela-300x214.jpg 300w, https:\/\/memoriaaine2015.ingenierosnavales.com\/wp-content\/uploads\/2016\/02\/Virgen_Carmen_2015_Escuela-768x548.jpg 768w, https:\/\/memoriaaine2015.ingenierosnavales.com\/wp-content\/uploads\/2016\/02\/Virgen_Carmen_2015_Escuela.jpg 800w\" sizes=\"auto, (max-width: 300px) 100vw, 300px\" \/>La segunda semana de julio tuvieron lugar los actos de celebraci\u00f3n de la Virgen del Carmen de este a\u00f1o. La primera parte se celebr\u00f3 en la ETSIN (Escuela T\u00e9cnica Superior de Ingenieros Navales de Madrid) y la segunda en la C\u00e1mara de Oficiales de la Armada.<\/p>\n<p style=\"text-align: justify;\">Presidieron los actos celebrados en la ETSIN: D. Amable L\u00f3pez Pi\u00f1eiro, Subdirector de I+D+i e Infraestructuras de la ETSIN; D. Luis Vilches Collado, Presidente de la AINE y Decano del COIN; D. Julio Trenas Fern\u00e1ndez, Decano Territorial del COIN en Madrid; D. Enrique de Sendagorta Aramburu, Presidente de Honor y Fundador de Sener; D. Manuel Moreu Munaiz, Presidente del IIE; Contraalmirante Alejandro Enrique Rey Portol\u00e9s (en nombre del AJAL); D. Javier Llompart Burgos, Director de Gesti\u00f3n del COIN y AINE.<\/p>\n<ul>\n<li><a href=\"http:\/\/memoriaaine2015.ingenierosnavales.com\/?p=163\">Premios AINE<\/a><\/li>\n<li><a href=\"http:\/\/memoriaaine2015.ingenierosnavales.com\/?p=169\">Acto de entrega del VI Premio de poes\u00eda<\/a><\/li>\n<li><a href=\"http:\/\/memoriaaine2015.ingenierosnavales.com\/?p=171\">Acto de Entrega del Premio Fin de Carrera \u201cEnermar\u201d<\/a><\/li>\n<li><a href=\"http:\/\/memoriaaine2015.ingenierosnavales.com\/?p=173\">Acto institucional AINE<\/a><\/li>\n<li><a href=\"http:\/\/memoriacoin2015.ingenierosnavales.com\/?p=130\" target=\"_blank\">Acto institucional COIN<\/a><\/li>\n<\/ul>\n<p><a href=\"https:\/\/goo.gl\/photos\/hg4XmVnK9xvAVXME6\" target=\"_blank\">Im\u00e1genes de los actos<\/a><\/p>\n","protected":false},"excerpt":{"rendered":"<p>La segunda semana de julio tuvieron lugar los actos de celebraci\u00f3n de la Virgen del Carmen de este a\u00f1o. La primera parte se celebr\u00f3 en la ETSIN (Escuela T\u00e9cnica Superior de Ingenieros Navales de Madrid) y la segunda en la C\u00e1mara de Oficiales de la Armada. Presidieron los actos celebrados en la ETSIN: D. Amable [&hellip;]<\/p>\n","protected":false},"author":1,"featured_media":190,"parent":0,"menu_order":0,"comment_status":"closed","ping_status":"closed","template":"","meta":{"footnotes":""},"class_list":["post-164","page","type-page","status-publish","has-post-thumbnail","czr-hentry"],"_links":{"self":[{"href":"https:\/\/memoriaaine2015.ingenierosnavales.com\/index.php?rest_route=\/wp\/v2\/pages\/164","targetHints":{"allow":["GET"]}}],"collection":[{"href":"https:\/\/memoriaaine2015.ingenierosnavales.com\/index.php?rest_route=\/wp\/v2\/pages"}],"about":[{"href":"https:\/\/memoriaaine2015.ingenierosnavales.com\/index.php?rest_route=\/wp\/v2\/types\/page"}],"author":[{"embeddable":true,"href":"https:\/\/memoriaaine2015.ingenierosnavales.com\/index.php?rest_route=\/wp\/v2\/users\/1"}],"replies":[{"embeddable":true,"href":"https:\/\/memoriaaine2015.ingenierosnavales.com\/index.php?rest_route=%2Fwp%2Fv2%2Fcomments&post=164"}],"version-history":[{"count":0,"href":"https:\/\/memoriaaine2015.ingenierosnavales.com\/index.php?rest_route=\/wp\/v2\/pages\/164\/revisions"}],"wp:featuredmedia":[{"embeddable":true,"href":"https:\/\/memoriaaine2015.ingenierosnavales.com\/index.php?rest_route=\/wp\/v2\/media\/190"}],"wp:attachment":[{"href":"https:\/\/memoriaaine2015.ingenierosnavales.com\/index.php?rest_route=%2Fwp%2Fv2%2Fmedia&parent=164"}],"curies":[{"name":"wp","href":"https:\/\/api.w.org\/{rel}","templated":true}]}}

<p style="text-align: justify;"><img loading="lazy" decoding="async" class="size-medium wp-image-190 alignleft" src="https://memoriaaine2015a.ingenierosnavales.com/wp-content/uploads/2016/02/Virgen_Carmen_2015_Escuela-300x214.jpg" alt="Virgen_Carmen_2015_Escuela" width="300" height="214" srcset="https://memoriaaine2015.ingenierosnavales.com/wp-content/uploads/2016/02/Virgen_Carmen_2015_Escuela-300x214.jpg 300w, https://memoriaaine2015.ingenierosnavales.com/wp-content/uploads/2016/02/Virgen_Carmen_2015_Escuela-768x548.jpg 768w, https://memoriaaine2015.ingenierosnavales.com/wp-content/uploads/2016/02/Virgen_Carmen_2015_Escuela.jpg 800w" sizes="auto, (max-width: 300px) 100vw, 300px" />La segunda semana de julio tuvieron lugar los actos de celebración de la Virgen del Carmen de este año. La primera parte se celebró en la ETSIN (Escuela Técnica Superior de Ingenieros Navales de Madrid) y la segunda en la Cámara de Oficiales de la Armada.</p>
<p style="text-align: justify;">Presidieron los actos celebrados en la ETSIN: D. Amable López Piñeiro, Subdirector de I+D+i e Infraestructuras de la ETSIN; D. Luis Vilches Collado, Presidente de la AINE y Decano del COIN; D. Julio Trenas Fernández, Decano Territorial del COIN en Madrid; D. Enrique de Sendagorta Aramburu, Presidente de Honor y Fundador de Sener; D. Manuel Moreu Munaiz, Presidente del IIE; Contraalmirante Alejandro Enrique Rey Portolés (en nombre del AJAL); D. Javier Llompart Burgos, Director de Gestión del COIN y AINE.</p>
<ul>
<li><a href="http://memoriaaine2015.ingenierosnavales.com/?p=163">Premios AINE</a></li>
<li><a href="http://memoriaaine2015.ingenierosnavales.com/?p=169">Acto de entrega del VI Premio de poesía</a></li>
<li><a href="http://memoriaaine2015.ingenierosnavales.com/?p=171">Acto de Entrega del Premio Fin de Carrera “Enermar”</a></li>
<li><a href="http://memoriaaine2015.ingenierosnavales.com/?p=173">Acto institucional AINE</a></li>
<li><a href="http://memoriacoin2015.ingenierosnavales.com/?p=130" target="_blank">Acto institucional COIN</a></li>
</ul>
<p><a href="https://goo.gl/photos/hg4XmVnK9xvAVXME6" target="_blank">Imágenes de los actos</a></p>

<p>La segunda semana de julio tuvieron lugar los actos de celebración de la Virgen del Carmen de este año. La primera parte se celebró en la ETSIN (Escuela Técnica Superior de Ingenieros Navales de Madrid) y la segunda en la Cámara de Oficiales de la Armada. Presidieron los actos celebrados en la ETSIN: D. Amable [&hellip;]</p>
